{"id":1326,"date":"2024-02-12T09:29:16","date_gmt":"2024-02-12T08:29:16","guid":{"rendered":"http:\/\/www.valentindebels.fr\/wordpress\/?page_id=1326"},"modified":"2026-02-06T14:13:53","modified_gmt":"2026-02-06T13:13:53","slug":"nos-autres-activites","status":"publish","type":"page","link":"https:\/\/www.amhhb.com\/?page_id=1326","title":{"rendered":"Nos autres activit\u00e9s"},"content":{"rendered":"\t\t<div data-elementor-type=\"wp-page\" data-elementor-id=\"1326\" class=\"elementor elementor-1326\" data-elementor-settings=\"{&quot;ha_cmc_init_switcher&quot;:&quot;no&quot;}\">\n\t\t\t\t<div class=\"elementor-element elementor-element-4f824ccf e-flex e-con-boxed wpr-particle-no wpr-jarallax-no wpr-parallax-no wpr-sticky-section-no e-con e-parent\" data-id=\"4f824ccf\" data-element_type=\"container\" data-settings=\"{&quot;_ha_eqh_enable&quot;:false}\">\n\t\t\t\t\t<div class=\"e-con-inner\">\n\t\t<div class=\"elementor-element elementor-element-160073e2 e-con-full e-flex wpr-particle-no wpr-jarallax-no wpr-parallax-no wpr-sticky-section-no e-con e-child\" data-id=\"160073e2\" data-element_type=\"container\" data-settings=\"{&quot;_ha_eqh_enable&quot;:false}\">\n\t\t\t\t<div class=\"elementor-element elementor-element-40096328 elementor-widget elementor-widget-heading\" data-id=\"40096328\" data-element_type=\"widget\" data-widget_type=\"heading.default\">\n\t\t\t\t<div class=\"elementor-widget-container\">\n\t\t\t\t\t<h2 class=\"elementor-heading-title elementor-size-default\">Hand'Tonic<\/h2>\t\t\t\t<\/div>\n\t\t\t\t<\/div>\n\t\t\t\t<div class=\"elementor-element elementor-element-48deb405 elementor-widget elementor-widget-text-editor\" data-id=\"48deb405\" data-element_type=\"widget\" data-widget_type=\"text-editor.default\">\n\t\t\t\t<div class=\"elementor-widget-container\">\n\t\t\t\t\t\t\t\t\t<p><span class=\"wixui-rich-text__text\">Compos\u00e9 d&rsquo;activit\u00e9s de remise en forme autour du handball, le Hand&rsquo;tonic se pratique dans la joie \u00e0 la bonne humeur, sous l&rsquo;encadrement d&rsquo;une animatrice dipl\u00f4m\u00e9e.<\/span><\/p>\t\t\t\t\t\t\t\t<\/div>\n\t\t\t\t<\/div>\n\t\t\t\t<div class=\"elementor-element elementor-element-874c71b elementor-widget elementor-widget-text-editor\" data-id=\"874c71b\" data-element_type=\"widget\" data-widget_type=\"text-editor.default\">\n\t\t\t\t<div class=\"elementor-widget-container\">\n\t\t\t\t\t\t\t\t\t<h4><strong>Les entrainements<\/strong><\/h4><p><strong>Lundi 20h00 &#8211; 21h30<\/strong><\/p><p class=\"qrShPb pXs6bb PZPZlf gbVAKd q8U8x aTI8gc\" data-dtype=\"d3ifr\" data-local-attribute=\"d3bn\" data-attrid=\"title\" data-ved=\"2ahUKEwj7nqW-2vOBAxXCVaQEHazRDRMQ3B0oAHoECDkQAQ\"><em>Salle Jackson Richardson, <span class=\"LrzXr\">14 Rue du 11 Novembre, 76770 Le Houlme<\/span><\/em><\/p>\t\t\t\t\t\t\t\t<\/div>\n\t\t\t\t<\/div>\n\t\t\t\t<div class=\"elementor-element elementor-element-441a40bd elementor-widget elementor-widget-button\" data-id=\"441a40bd\" data-element_type=\"widget\" data-widget_type=\"button.default\">\n\t\t\t\t<div class=\"elementor-widget-container\">\n\t\t\t\t\t\t\t\t\t<div class=\"elementor-button-wrapper\">\n\t\t\t\t\t<a class=\"elementor-button elementor-button-link elementor-size-sm\" href=\"https:\/\/www.amhhb.com\/?page_id=1370\" target=\"_blank\">\n\t\t\t\t\t\t<span class=\"elementor-button-content-wrapper\">\n\t\t\t\t\t\t\t\t\t<span class=\"elementor-button-text\">Venir tester<\/span>\n\t\t\t\t\t<\/span>\n\t\t\t\t\t<\/a>\n\t\t\t\t<\/div>\n\t\t\t\t\t\t\t\t<\/div>\n\t\t\t\t<\/div>\n\t\t\t\t<\/div>\n\t\t<div class=\"elementor-element elementor-element-5b3a15a6 e-con-full e-flex wpr-particle-no wpr-jarallax-no wpr-parallax-no wpr-sticky-section-no e-con e-child\" data-id=\"5b3a15a6\" data-element_type=\"container\" data-settings=\"{&quot;_ha_eqh_enable&quot;:false}\">\n\t\t\t\t<div class=\"elementor-element elementor-element-79fcde50 elementor-widget elementor-widget-image\" data-id=\"79fcde50\" data-element_type=\"widget\" data-widget_type=\"image.default\">\n\t\t\t\t<div class=\"elementor-widget-container\">\n\t\t\t\t\t\t\t\t\t\t\t\t\t\t\t<img fetchpriority=\"high\" decoding=\"async\" width=\"750\" height=\"500\" src=\"https:\/\/www.amhhb.com\/wp-content\/uploads\/2026\/02\/2025-10-13-Handtonic-octobre-rose_V.DEBELS-13-1024x683.jpg\" class=\"attachment-large size-large wp-image-3594\" alt=\"\" srcset=\"https:\/\/www.amhhb.com\/wp-content\/uploads\/2026\/02\/2025-10-13-Handtonic-octobre-rose_V.DEBELS-13-1024x683.jpg 1024w, https:\/\/www.amhhb.com\/wp-content\/uploads\/2026\/02\/2025-10-13-Handtonic-octobre-rose_V.DEBELS-13-300x200.jpg 300w, https:\/\/www.amhhb.com\/wp-content\/uploads\/2026\/02\/2025-10-13-Handtonic-octobre-rose_V.DEBELS-13-768x512.jpg 768w, https:\/\/www.amhhb.com\/wp-content\/uploads\/2026\/02\/2025-10-13-Handtonic-octobre-rose_V.DEBELS-13-1536x1024.jpg 1536w, https:\/\/www.amhhb.com\/wp-content\/uploads\/2026\/02\/2025-10-13-Handtonic-octobre-rose_V.DEBELS-13-2048x1365.jpg 2048w, https:\/\/www.amhhb.com\/wp-content\/uploads\/2026\/02\/2025-10-13-Handtonic-octobre-rose_V.DEBELS-13-1568x1045.jpg 1568w\" sizes=\"(max-width: 750px) 100vw, 750px\" style=\"width:100%;height:66.68%;max-width:2560px\" \/>\t\t\t\t\t\t\t\t\t\t\t\t\t\t\t<\/div>\n\t\t\t\t<\/div>\n\t\t\t\t<\/div>\n\t\t\t\t\t<\/div>\n\t\t\t\t<\/div>\n\t\t<div class=\"elementor-element elementor-element-614b9d4 e-flex e-con-boxed wpr-particle-no wpr-jarallax-no wpr-parallax-no wpr-sticky-section-no e-con e-parent\" data-id=\"614b9d4\" data-element_type=\"container\" data-settings=\"{&quot;_ha_eqh_enable&quot;:false}\">\n\t\t\t\t\t<div class=\"e-con-inner\">\n\t\t<div class=\"elementor-element elementor-element-58bd123 e-con-full e-flex wpr-particle-no wpr-jarallax-no wpr-parallax-no wpr-sticky-section-no e-con e-child\" data-id=\"58bd123\" data-element_type=\"container\" data-settings=\"{&quot;_ha_eqh_enable&quot;:false}\">\n\t\t\t\t<div class=\"elementor-element elementor-element-2030c14 elementor-widget elementor-widget-heading\" data-id=\"2030c14\" data-element_type=\"widget\" data-widget_type=\"heading.default\">\n\t\t\t\t<div class=\"elementor-widget-container\">\n\t\t\t\t\t<h2 class=\"elementor-heading-title elementor-size-default\">Baby hand<\/h2>\t\t\t\t<\/div>\n\t\t\t\t<\/div>\n\t\t\t\t<div class=\"elementor-element elementor-element-ec3123e elementor-widget elementor-widget-text-editor\" data-id=\"ec3123e\" data-element_type=\"widget\" data-widget_type=\"text-editor.default\">\n\t\t\t\t<div class=\"elementor-widget-container\">\n\t\t\t\t\t\t\t\t\t<p><span class=\"wixui-rich-text__text\">R\u00e9serv\u00e9e aux filles et gar\u00e7ons \u00e2g\u00e9s entre 3 et 6 ans, cette section permet aux enfants de d\u00e9couvrir le handball de mani\u00e8re ludique, gr\u00e2ce \u00e0 de petits jeux et exercices m\u00ealant motricit\u00e9, r\u00e9flexion et surtout amusement !<\/span><\/p>\t\t\t\t\t\t\t\t<\/div>\n\t\t\t\t<\/div>\n\t\t\t\t<div class=\"elementor-element elementor-element-59dae28 elementor-widget elementor-widget-text-editor\" data-id=\"59dae28\" data-element_type=\"widget\" data-widget_type=\"text-editor.default\">\n\t\t\t\t<div class=\"elementor-widget-container\">\n\t\t\t\t\t\t\t\t\t<h4><strong>Les entrainements<\/strong><\/h4><p><strong>Mercredi 17h30 &#8211; 18h30<\/strong><\/p><p class=\"qrShPb pXs6bb PZPZlf gbVAKd q8U8x aTI8gc\" data-dtype=\"d3ifr\" data-local-attribute=\"d3bn\" data-attrid=\"title\" data-ved=\"2ahUKEwj7nqW-2vOBAxXCVaQEHazRDRMQ3B0oAHoECDkQAQ\"><em>Salle Jackson Richardson, <span class=\"LrzXr\">14 Rue du 11 Novembre, 76770 Le Houlme<\/span><\/em><\/p>\t\t\t\t\t\t\t\t<\/div>\n\t\t\t\t<\/div>\n\t\t\t\t<div class=\"elementor-element elementor-element-ee6ace6 elementor-widget elementor-widget-button\" data-id=\"ee6ace6\" data-element_type=\"widget\" data-widget_type=\"button.default\">\n\t\t\t\t<div class=\"elementor-widget-container\">\n\t\t\t\t\t\t\t\t\t<div class=\"elementor-button-wrapper\">\n\t\t\t\t\t<a class=\"elementor-button elementor-button-link elementor-size-sm\" href=\"https:\/\/www.amhhb.com\/?page_id=1370\" target=\"_blank\">\n\t\t\t\t\t\t<span class=\"elementor-button-content-wrapper\">\n\t\t\t\t\t\t\t\t\t<span class=\"elementor-button-text\">Inscrire mon enfant<\/span>\n\t\t\t\t\t<\/span>\n\t\t\t\t\t<\/a>\n\t\t\t\t<\/div>\n\t\t\t\t\t\t\t\t<\/div>\n\t\t\t\t<\/div>\n\t\t\t\t<\/div>\n\t\t<div class=\"elementor-element elementor-element-ee9b305 e-con-full e-flex wpr-particle-no wpr-jarallax-no wpr-parallax-no wpr-sticky-section-no e-con e-child\" data-id=\"ee9b305\" data-element_type=\"container\" data-settings=\"{&quot;_ha_eqh_enable&quot;:false}\">\n\t\t\t\t<div class=\"elementor-element elementor-element-acb2bca elementor-widget elementor-widget-image\" data-id=\"acb2bca\" data-element_type=\"widget\" data-widget_type=\"image.default\">\n\t\t\t\t<div class=\"elementor-widget-container\">\n\t\t\t\t\t\t\t\t\t\t\t\t\t\t\t<img decoding=\"async\" width=\"750\" height=\"500\" src=\"https:\/\/www.amhhb.com\/wp-content\/uploads\/2026\/02\/2025-10-09-Baby-hand_V.Debels-31-1024x683.jpg\" class=\"attachment-large size-large wp-image-3595\" alt=\"\" srcset=\"https:\/\/www.amhhb.com\/wp-content\/uploads\/2026\/02\/2025-10-09-Baby-hand_V.Debels-31-1024x683.jpg 1024w, https:\/\/www.amhhb.com\/wp-content\/uploads\/2026\/02\/2025-10-09-Baby-hand_V.Debels-31-300x200.jpg 300w, https:\/\/www.amhhb.com\/wp-content\/uploads\/2026\/02\/2025-10-09-Baby-hand_V.Debels-31-768x512.jpg 768w, https:\/\/www.amhhb.com\/wp-content\/uploads\/2026\/02\/2025-10-09-Baby-hand_V.Debels-31-1536x1024.jpg 1536w, https:\/\/www.amhhb.com\/wp-content\/uploads\/2026\/02\/2025-10-09-Baby-hand_V.Debels-31-2048x1365.jpg 2048w, https:\/\/www.amhhb.com\/wp-content\/uploads\/2026\/02\/2025-10-09-Baby-hand_V.Debels-31-1568x1045.jpg 1568w\" sizes=\"(max-width: 750px) 100vw, 750px\" style=\"width:100%;height:66.68%;max-width:2560px\" \/>\t\t\t\t\t\t\t\t\t\t\t\t\t\t\t<\/div>\n\t\t\t\t<\/div>\n\t\t\t\t<\/div>\n\t\t\t\t\t<\/div>\n\t\t\t\t<\/div>\n\t\t<div class=\"elementor-element elementor-element-43e4ab7 e-flex e-con-boxed wpr-particle-no wpr-jarallax-no wpr-parallax-no wpr-sticky-section-no e-con e-parent\" data-id=\"43e4ab7\" data-element_type=\"container\" data-settings=\"{&quot;_ha_eqh_enable&quot;:false}\">\n\t\t\t\t\t<div class=\"e-con-inner\">\n\t\t<div class=\"elementor-element elementor-element-4d142dd e-con-full e-flex wpr-particle-no wpr-jarallax-no wpr-parallax-no wpr-sticky-section-no e-con e-child\" data-id=\"4d142dd\" data-element_type=\"container\" data-settings=\"{&quot;_ha_eqh_enable&quot;:false}\">\n\t\t\t\t<div class=\"elementor-element elementor-element-c2cafda elementor-widget elementor-widget-heading\" data-id=\"c2cafda\" data-element_type=\"widget\" data-widget_type=\"heading.default\">\n\t\t\t\t<div class=\"elementor-widget-container\">\n\t\t\t\t\t<h2 class=\"elementor-heading-title elementor-size-default\">l'\u00e9cole de hand<\/h2>\t\t\t\t<\/div>\n\t\t\t\t<\/div>\n\t\t\t\t<div class=\"elementor-element elementor-element-91d4366 elementor-widget elementor-widget-text-editor\" data-id=\"91d4366\" data-element_type=\"widget\" data-widget_type=\"text-editor.default\">\n\t\t\t\t<div class=\"elementor-widget-container\">\n\t\t\t\t\t\t\t\t\t<p><span class=\"wixui-rich-text__text\">R\u00e9serv\u00e9e aux filles et gar\u00e7ons \u00e2g\u00e9s entre 6 et 9 ans, cette section permet aux enfants de commencer le handball.<\/span><\/p>\t\t\t\t\t\t\t\t<\/div>\n\t\t\t\t<\/div>\n\t\t\t\t<div class=\"elementor-element elementor-element-f4fc63c elementor-widget elementor-widget-text-editor\" data-id=\"f4fc63c\" data-element_type=\"widget\" data-widget_type=\"text-editor.default\">\n\t\t\t\t<div class=\"elementor-widget-container\">\n\t\t\t\t\t\t\t\t\t<h4><strong>Les entrainements<\/strong><\/h4><p><strong>Samedi 10h30 &#8211; 11h45<\/strong><\/p><p><em>Salle <\/em><em>Jackson Richardson<\/em><em>, <span class=\"LrzXr\">14 Rue du 11 Novembre, 76770 Le Houlme<\/span><\/em><\/p>\t\t\t\t\t\t\t\t<\/div>\n\t\t\t\t<\/div>\n\t\t\t\t<div class=\"elementor-element elementor-element-1d0243e elementor-widget elementor-widget-button\" data-id=\"1d0243e\" data-element_type=\"widget\" data-widget_type=\"button.default\">\n\t\t\t\t<div class=\"elementor-widget-container\">\n\t\t\t\t\t\t\t\t\t<div class=\"elementor-button-wrapper\">\n\t\t\t\t\t<a class=\"elementor-button elementor-button-link elementor-size-sm\" href=\"https:\/\/www.amhhb.com\/?page_id=1370\" target=\"_blank\">\n\t\t\t\t\t\t<span class=\"elementor-button-content-wrapper\">\n\t\t\t\t\t\t\t\t\t<span class=\"elementor-button-text\">Inscrire mon enfant<\/span>\n\t\t\t\t\t<\/span>\n\t\t\t\t\t<\/a>\n\t\t\t\t<\/div>\n\t\t\t\t\t\t\t\t<\/div>\n\t\t\t\t<\/div>\n\t\t\t\t<\/div>\n\t\t<div class=\"elementor-element elementor-element-40a21e8 e-con-full e-flex wpr-particle-no wpr-jarallax-no wpr-parallax-no wpr-sticky-section-no e-con e-child\" data-id=\"40a21e8\" data-element_type=\"container\" data-settings=\"{&quot;_ha_eqh_enable&quot;:false}\">\n\t\t\t\t<div class=\"elementor-element elementor-element-2918c5c elementor-widget elementor-widget-image\" data-id=\"2918c5c\" data-element_type=\"widget\" data-widget_type=\"image.default\">\n\t\t\t\t<div class=\"elementor-widget-container\">\n\t\t\t\t\t\t\t\t\t\t\t\t\t\t\t<img decoding=\"async\" width=\"750\" height=\"563\" src=\"https:\/\/www.amhhb.com\/wp-content\/uploads\/2024\/02\/Ecole-de-hand-1024x768.jpg\" class=\"attachment-large size-large wp-image-1362\" alt=\"\" srcset=\"https:\/\/www.amhhb.com\/wp-content\/uploads\/2024\/02\/Ecole-de-hand-1024x768.jpg 1024w, https:\/\/www.amhhb.com\/wp-content\/uploads\/2024\/02\/Ecole-de-hand-300x225.jpg 300w, https:\/\/www.amhhb.com\/wp-content\/uploads\/2024\/02\/Ecole-de-hand-768x576.jpg 768w, https:\/\/www.amhhb.com\/wp-content\/uploads\/2024\/02\/Ecole-de-hand-1536x1152.jpg 1536w, https:\/\/www.amhhb.com\/wp-content\/uploads\/2024\/02\/Ecole-de-hand-1568x1176.jpg 1568w, https:\/\/www.amhhb.com\/wp-content\/uploads\/2024\/02\/Ecole-de-hand.jpg 2048w\" sizes=\"(max-width: 750px) 100vw, 750px\" style=\"width:100%;height:75%;max-width:2048px\" \/>\t\t\t\t\t\t\t\t\t\t\t\t\t\t\t<\/div>\n\t\t\t\t<\/div>\n\t\t\t\t<\/div>\n\t\t\t\t\t<\/div>\n\t\t\t\t<\/div>\n\t\t<div class=\"elementor-element elementor-element-3cf9104 elementor-hidden-desktop elementor-hidden-tablet elementor-hidden-mobile e-flex e-con-boxed wpr-particle-no wpr-jarallax-no wpr-parallax-no wpr-sticky-section-no e-con e-parent\" data-id=\"3cf9104\" data-element_type=\"container\" data-settings=\"{&quot;_ha_eqh_enable&quot;:false}\">\n\t\t\t\t\t<div class=\"e-con-inner\">\n\t\t<div class=\"elementor-element elementor-element-1989413 e-con-full e-flex wpr-particle-no wpr-jarallax-no wpr-parallax-no wpr-sticky-section-no e-con e-child\" data-id=\"1989413\" data-element_type=\"container\" data-settings=\"{&quot;_ha_eqh_enable&quot;:false}\">\n\t\t\t\t<div class=\"elementor-element elementor-element-a641a35 elementor-widget elementor-widget-heading\" data-id=\"a641a35\" data-element_type=\"widget\" data-widget_type=\"heading.default\">\n\t\t\t\t<div class=\"elementor-widget-container\">\n\t\t\t\t\t<h2 class=\"elementor-heading-title elementor-size-default\">Handball \u00e0 4<\/h2>\t\t\t\t<\/div>\n\t\t\t\t<\/div>\n\t\t\t\t<div class=\"elementor-element elementor-element-23f8f44 elementor-widget elementor-widget-text-editor\" data-id=\"23f8f44\" data-element_type=\"widget\" data-widget_type=\"text-editor.default\">\n\t\t\t\t<div class=\"elementor-widget-container\">\n\t\t\t\t\t\t\t\t\t<p><span class=\"x193iq5w xeuugli x13faqbe x1vvkbs x1xmvt09 x1lliihq x1s928wv xhkezso x1gmr53x x1cpjm7i x1fgarty x1943h6x xudqn12 x3x7a5m x6prxxf xvq8zen xo1l8bm xzsf02u x1yc453h\" dir=\"auto\">Cette pratique se veut plus ludique et rythm\u00e9e que le hand classique. Une alternance de s\u00e9ances jeunes et seniors est mise en place tous les 15 jours.<br \/><\/span><\/p>\t\t\t\t\t\t\t\t<\/div>\n\t\t\t\t<\/div>\n\t\t\t\t<div class=\"elementor-element elementor-element-0d506bf elementor-widget elementor-widget-text-editor\" data-id=\"0d506bf\" data-element_type=\"widget\" data-widget_type=\"text-editor.default\">\n\t\t\t\t<div class=\"elementor-widget-container\">\n\t\t\t\t\t\t\t\t\t<h4><strong>Les entrainements<\/strong><\/h4><p><strong>Lundi 18h30 &#8211; 19h30<\/strong><\/p><p class=\"qrShPb pXs6bb PZPZlf gbVAKd q8U8x aTI8gc\" data-dtype=\"d3ifr\" data-local-attribute=\"d3bn\" data-attrid=\"title\" data-ved=\"2ahUKEwj7nqW-2vOBAxXCVaQEHazRDRMQ3B0oAHoECDkQAQ\"><em>Gymnase Nicolas Batum, <span class=\"LrzXr\">76770 Malaunay<\/span><\/em><\/p>\t\t\t\t\t\t\t\t<\/div>\n\t\t\t\t<\/div>\n\t\t\t\t<div class=\"elementor-element elementor-element-2c63ce6 elementor-widget elementor-widget-button\" data-id=\"2c63ce6\" data-element_type=\"widget\" data-widget_type=\"button.default\">\n\t\t\t\t<div class=\"elementor-widget-container\">\n\t\t\t\t\t\t\t\t\t<div class=\"elementor-button-wrapper\">\n\t\t\t\t\t<a class=\"elementor-button elementor-button-link elementor-size-sm\" href=\"http:\/\/www.valentindebels.fr\/wordpress\/?page_id=1370\" target=\"_blank\">\n\t\t\t\t\t\t<span class=\"elementor-button-content-wrapper\">\n\t\t\t\t\t\t\t\t\t<span class=\"elementor-button-text\">Venir tester<\/span>\n\t\t\t\t\t<\/span>\n\t\t\t\t\t<\/a>\n\t\t\t\t<\/div>\n\t\t\t\t\t\t\t\t<\/div>\n\t\t\t\t<\/div>\n\t\t\t\t<\/div>\n\t\t<div class=\"elementor-element elementor-element-2304f88 e-con-full e-flex wpr-particle-no wpr-jarallax-no wpr-parallax-no wpr-sticky-section-no e-con e-child\" data-id=\"2304f88\" data-element_type=\"container\" data-settings=\"{&quot;_ha_eqh_enable&quot;:false}\">\n\t\t\t\t<div class=\"elementor-element elementor-element-bf4f7eb elementor-widget elementor-widget-image\" data-id=\"bf4f7eb\" data-element_type=\"widget\" data-widget_type=\"image.default\">\n\t\t\t\t<div class=\"elementor-widget-container\">\n\t\t\t\t\t\t\t\t\t\t\t\t\t\t\t<img loading=\"lazy\" decoding=\"async\" width=\"750\" height=\"527\" src=\"https:\/\/www.amhhb.com\/wp-content\/uploads\/2024\/03\/hand-a-4-1024x720.jpg\" class=\"attachment-large size-large wp-image-1922\" alt=\"\" srcset=\"https:\/\/www.amhhb.com\/wp-content\/uploads\/2024\/03\/hand-a-4-1024x720.jpg 1024w, https:\/\/www.amhhb.com\/wp-content\/uploads\/2024\/03\/hand-a-4-300x211.jpg 300w, https:\/\/www.amhhb.com\/wp-content\/uploads\/2024\/03\/hand-a-4-768x540.jpg 768w, https:\/\/www.amhhb.com\/wp-content\/uploads\/2024\/03\/hand-a-4-1536x1080.jpg 1536w, https:\/\/www.amhhb.com\/wp-content\/uploads\/2024\/03\/hand-a-4-1568x1103.jpg 1568w, https:\/\/www.amhhb.com\/wp-content\/uploads\/2024\/03\/hand-a-4.jpg 1920w\" sizes=\"(max-width: 750px) 100vw, 750px\" style=\"width:100%;height:70.31%;max-width:1920px\" \/>\t\t\t\t\t\t\t\t\t\t\t\t\t\t\t<\/div>\n\t\t\t\t<\/div>\n\t\t\t\t<\/div>\n\t\t\t\t\t<\/div>\n\t\t\t\t<\/div>\n\t\t\t\t<\/div>\n\t\t","protected":false},"excerpt":{"rendered":"<p>Hand&rsquo;Tonic Compos\u00e9 d&rsquo;activit\u00e9s de remise en forme autour du handball, le Hand&rsquo;tonic se pratique dans la joie \u00e0 la bonne humeur, sous l&rsquo;encadrement d&rsquo;une animatrice dipl\u00f4m\u00e9e. Les entrainements Lundi 20h00 &#8211; 21h30 Salle Jackson Richardson, 14 Rue du 11 Novembre, 76770 Le Houlme Venir tester Baby hand R\u00e9serv\u00e9e aux filles et gar\u00e7ons \u00e2g\u00e9s entre 3 et 6 ans, cette section permet aux enfants de d\u00e9couvrir le handball de mani\u00e8re ludique, gr\u00e2ce \u00e0 de petits jeux et exercices m\u00ealant motricit\u00e9, r\u00e9flexion et surtout amusement ! Les entrainements Mercredi 17h30 &#8211; 18h30 Salle Jackson Richardson, 14 Rue du 11 Novembre, 76770 Le Houlme Inscrire mon enfant l&rsquo;\u00e9cole de hand R\u00e9serv\u00e9e aux filles et gar\u00e7ons \u00e2g\u00e9s entre 6 et 9 ans, cette section permet aux enfants de commencer le handball. Les entrainements Samedi 10h30 &#8211; 11h45 Salle Jackson Richardson, 14 Rue du 11 Novembre, 76770 Le Houlme Inscrire mon enfant Handball \u00e0 4 Cette pratique se veut plus ludique et rythm\u00e9e que le hand classique. Une alternance de s\u00e9ances jeunes et seniors est mise en place tous les 15 jours. Les entrainements Lundi 18h30 &#8211; 19h30 Gymnase Nicolas Batum, 76770 Malaunay Venir tester<\/p>\n","protected":false},"author":1,"featured_media":0,"parent":0,"menu_order":0,"comment_status":"closed","ping_status":"closed","template":"elementor_header_footer","meta":{"footnotes":""},"class_list":["post-1326","page","type-page","status-publish","hentry","entry"],"_links":{"self":[{"href":"https:\/\/www.amhhb.com\/index.php?rest_route=\/wp\/v2\/pages\/1326","targetHints":{"allow":["GET"]}}],"collection":[{"href":"https:\/\/www.amhhb.com\/index.php?rest_route=\/wp\/v2\/pages"}],"about":[{"href":"https:\/\/www.amhhb.com\/index.php?rest_route=\/wp\/v2\/types\/page"}],"author":[{"embeddable":true,"href":"https:\/\/www.amhhb.com\/index.php?rest_route=\/wp\/v2\/users\/1"}],"replies":[{"embeddable":true,"href":"https:\/\/www.amhhb.com\/index.php?rest_route=%2Fwp%2Fv2%2Fcomments&post=1326"}],"version-history":[{"count":73,"href":"https:\/\/www.amhhb.com\/index.php?rest_route=\/wp\/v2\/pages\/1326\/revisions"}],"predecessor-version":[{"id":3599,"href":"https:\/\/www.amhhb.com\/index.php?rest_route=\/wp\/v2\/pages\/1326\/revisions\/3599"}],"wp:attachment":[{"href":"https:\/\/www.amhhb.com\/index.php?rest_route=%2Fwp%2Fv2%2Fmedia&parent=1326"}],"curies":[{"name":"wp","href":"https:\/\/api.w.org\/{rel}","templated":true}]}}