{"id":103,"date":"2023-10-12T08:53:59","date_gmt":"2023-10-12T06:53:59","guid":{"rendered":"http:\/\/www.valentindebels.fr\/wordpress\/?page_id=103"},"modified":"2023-10-29T16:11:07","modified_gmt":"2023-10-29T15:11:07","slug":"actus","status":"publish","type":"page","link":"https:\/\/www.amhhb.com\/?page_id=103","title":{"rendered":"Actus"},"content":{"rendered":"\t\t<div data-elementor-type=\"wp-page\" data-elementor-id=\"103\" class=\"elementor elementor-103\" data-elementor-settings=\"{&quot;ha_cmc_init_switcher&quot;:&quot;no&quot;}\">\n\t\t\t\t<div class=\"elementor-element elementor-element-738f701 e-flex e-con-boxed wpr-particle-no wpr-jarallax-no wpr-parallax-no wpr-sticky-section-no e-con e-parent\" data-id=\"738f701\" data-element_type=\"container\" data-settings=\"{&quot;_ha_eqh_enable&quot;:false}\">\n\t\t\t\t\t<div class=\"e-con-inner\">\n\t\t\t\t<div class=\"elementor-element elementor-element-4a522b5 elementor-widget elementor-widget-heading\" data-id=\"4a522b5\" data-element_type=\"widget\" data-widget_type=\"heading.default\">\n\t\t\t\t<div class=\"elementor-widget-container\">\n\t\t\t\t\t<h2 class=\"elementor-heading-title elementor-size-default\">Nos actualit\u00e9s<\/h2>\t\t\t\t<\/div>\n\t\t\t\t<\/div>\n\t\t\t\t<div class=\"elementor-element elementor-element-29a4166 wpr-grid-columns-3 wpr-grid-columns--tablet2 wpr-grid-columns--mobile1 wpr-grid-pagination-center wpr-item-styles-inner elementor-widget elementor-widget-wpr-grid\" data-id=\"29a4166\" data-element_type=\"widget\" data-widget_type=\"wpr-grid.default\">\n\t\t\t\t<div class=\"elementor-widget-container\">\n\t\t\t\t\t<ul class=\"wpr-grid-filters elementor-clearfix wpr-grid-filters-sep-right\"><li class=\" wpr-pointer-none wpr-pointer-line-fx wpr-pointer-fx-none\"><span data-filter=\"*\" class=\"wpr-active-filter \">Tous les articles<\/span><em class=\"wpr-grid-filters-sep\"><\/em><\/li><li class=\" wpr-pointer-none wpr-pointer-line-fx wpr-pointer-fx-none\"><span  data-filter=\".category-non-classe\">Non class\u00e9<\/span><em class=\"wpr-grid-filters-sep\"><\/em><\/li><\/ul><section class=\"wpr-grid elementor-clearfix\" data-settings=\"{&quot;layout&quot;:&quot;fitRows&quot;,&quot;stick_last_element_to_bottom&quot;:&quot;&quot;,&quot;columns_desktop&quot;:3,&quot;gutter_hr&quot;:15,&quot;gutter_hr_mobile&quot;:15,&quot;gutter_hr_mobile_extra&quot;:15,&quot;gutter_hr_tablet&quot;:15,&quot;gutter_hr_tablet_extra&quot;:15,&quot;gutter_hr_laptop&quot;:15,&quot;gutter_hr_widescreen&quot;:15,&quot;gutter_vr&quot;:15,&quot;gutter_vr_mobile&quot;:15,&quot;gutter_vr_mobile_extra&quot;:15,&quot;gutter_vr_tablet&quot;:15,&quot;gutter_vr_tablet_extra&quot;:15,&quot;gutter_vr_laptop&quot;:15,&quot;gutter_vr_widescreen&quot;:15,&quot;animation&quot;:&quot;default&quot;,&quot;animation_duration&quot;:0.3,&quot;animation_delay&quot;:0.1,&quot;deeplinking&quot;:&quot;&quot;,&quot;filters_linkable&quot;:&quot;&quot;,&quot;filters_default_filter&quot;:&quot;&quot;,&quot;filters_count&quot;:&quot;&quot;,&quot;filters_hide_empty&quot;:&quot;yes&quot;,&quot;filters_animation&quot;:&quot;default&quot;,&quot;filters_animation_duration&quot;:0.3,&quot;filters_animation_delay&quot;:0.1,&quot;pagination_type&quot;:&quot;load-more&quot;,&quot;pagination_max_pages&quot;:1,&quot;lightbox&quot;:{&quot;selector&quot;:&quot;.wpr-grid-image-wrap&quot;,&quot;iframeMaxWidth&quot;:&quot;60%&quot;,&quot;hash&quot;:false,&quot;autoplay&quot;:&quot;true&quot;,&quot;pause&quot;:5000,&quot;progressBar&quot;:&quot;true&quot;,&quot;counter&quot;:&quot;true&quot;,&quot;controls&quot;:&quot;true&quot;,&quot;getCaptionFromTitleOrAlt&quot;:&quot;true&quot;,&quot;thumbnail&quot;:&quot;&quot;,&quot;showThumbByDefault&quot;:&quot;&quot;,&quot;share&quot;:&quot;&quot;,&quot;zoom&quot;:&quot;true&quot;,&quot;fullScreen&quot;:&quot;true&quot;,&quot;download&quot;:&quot;true&quot;}}\"><article class=\"wpr-grid-item elementor-clearfix post-3442 post type-post status-publish format-standard has-post-thumbnail hentry category-non-classe entry\"><div class=\"wpr-grid-item-inner\"><div class=\"wpr-grid-media-wrap wpr-effect-size-medium \" data-overlay-link=\"yes\"><div class=\"wpr-grid-image-wrap\" data-src=\"https:\/\/www.amhhb.com\/wp-content\/uploads\/2026\/01\/Plan-de-travail-2.jpg\" data-img-on-hover=\"\"  data-src-secondary=\"\"><img decoding=\"async\" data-no-lazy=\"1\" src=\"https:\/\/www.amhhb.com\/wp-content\/uploads\/2026\/01\/Plan-de-travail-2.jpg\" alt=\"L&rsquo;album du club\" class=\"wpr-anim-timing-ease-default\"><\/div><div class=\"wpr-grid-media-hover wpr-animation-wrap\"><div class=\"wpr-grid-media-hover-bg  wpr-overlay-fade-in wpr-anim-size-large wpr-anim-timing-ease-default wpr-anim-transparency\" data-url=\"https:\/\/www.amhhb.com\/?p=3442\"><\/div><\/div><\/div><div class=\"wpr-grid-item-below-content elementor-clearfix\"><h2 class=\"wpr-grid-item-title elementor-repeater-item-0198fb9 wpr-grid-item-display-block wpr-grid-item-align-left wpr-pointer-none wpr-pointer-line-fx wpr-pointer-fx-fade\"><div class=\"inner-block\"><a target=\"_self\"  href=\"https:\/\/www.amhhb.com\/?p=3442\">L&rsquo;album du club<\/a><\/div><\/h2><div class=\"wpr-grid-item-date elementor-repeater-item-fa3b7f1 wpr-grid-item-display-inline wpr-grid-item-align-left\"><div class=\"inner-block\"><span>16 janvier 2026<span class=\"wpr-grid-extra-text-right\"><\/span><\/span><\/div><\/div><div class=\"wpr-grid-item-excerpt elementor-repeater-item-b157f8f wpr-grid-item-display-block wpr-grid-item-align-left\"><div class=\"inner-block\"><p>Cette saison, le club innove en proposant \u00e0 l\u2019ensemble de ses licenci\u00e9s et supporters un projet original et f\u00e9d\u00e9rateur :\u2026<\/p><\/div><\/div><div class=\"wpr-grid-item-read-more elementor-repeater-item-47fd576 wpr-grid-item-display-block wpr-grid-item-align-left\"><div class=\"inner-block\"><a target=\"_self\" href=\"https:\/\/www.amhhb.com\/?p=3442\" class=\"wpr-button-effect wpr-button-none\"><span>En lire plus<\/span><\/a><\/div><\/div><\/div><\/div><\/article><article class=\"wpr-grid-item elementor-clearfix post-3305 post type-post status-publish format-standard has-post-thumbnail hentry category-non-classe entry\"><div class=\"wpr-grid-item-inner\"><div class=\"wpr-grid-media-wrap wpr-effect-size-medium \" data-overlay-link=\"yes\"><div class=\"wpr-grid-image-wrap\" data-src=\"https:\/\/www.amhhb.com\/wp-content\/uploads\/2025\/09\/2024-11-24-U17M-VS-Goderville_V.DEBELS-52-scaled.jpg\" data-img-on-hover=\"\"  data-src-secondary=\"\"><img decoding=\"async\" data-no-lazy=\"1\" src=\"https:\/\/www.amhhb.com\/wp-content\/uploads\/2025\/09\/2024-11-24-U17M-VS-Goderville_V.DEBELS-52-scaled.jpg\" alt=\"Vous souhaitez aider le club ?\" class=\"wpr-anim-timing-ease-default\"><\/div><div class=\"wpr-grid-media-hover wpr-animation-wrap\"><div class=\"wpr-grid-media-hover-bg  wpr-overlay-fade-in wpr-anim-size-large wpr-anim-timing-ease-default wpr-anim-transparency\" data-url=\"https:\/\/www.amhhb.com\/?p=3305\"><\/div><\/div><\/div><div class=\"wpr-grid-item-below-content elementor-clearfix\"><h2 class=\"wpr-grid-item-title elementor-repeater-item-0198fb9 wpr-grid-item-display-block wpr-grid-item-align-left wpr-pointer-none wpr-pointer-line-fx wpr-pointer-fx-fade\"><div class=\"inner-block\"><a target=\"_self\"  href=\"https:\/\/www.amhhb.com\/?p=3305\">Vous souhaitez aider le club ?<\/a><\/div><\/h2><div class=\"wpr-grid-item-date elementor-repeater-item-fa3b7f1 wpr-grid-item-display-inline wpr-grid-item-align-left\"><div class=\"inner-block\"><span>26 septembre 2025<span class=\"wpr-grid-extra-text-right\"><\/span><\/span><\/div><\/div><div class=\"wpr-grid-item-excerpt elementor-repeater-item-b157f8f wpr-grid-item-display-block wpr-grid-item-align-left\"><div class=\"inner-block\"><p>La vie d\u2019un club de handball ne repose pas uniquement sur ses joueurs et ses entra\u00eeneurs. Elle existe gr\u00e2ce \u00e0\u2026<\/p><\/div><\/div><div class=\"wpr-grid-item-read-more elementor-repeater-item-47fd576 wpr-grid-item-display-block wpr-grid-item-align-left\"><div class=\"inner-block\"><a target=\"_self\" href=\"https:\/\/www.amhhb.com\/?p=3305\" class=\"wpr-button-effect wpr-button-none\"><span>En lire plus<\/span><\/a><\/div><\/div><\/div><\/div><\/article><article class=\"wpr-grid-item elementor-clearfix post-3272 post type-post status-publish format-standard has-post-thumbnail hentry category-non-classe entry\"><div class=\"wpr-grid-item-inner\"><div class=\"wpr-grid-media-wrap wpr-effect-size-medium \" data-overlay-link=\"yes\"><div class=\"wpr-grid-image-wrap\" data-src=\"https:\/\/www.amhhb.com\/wp-content\/uploads\/2025\/09\/IMG_6628-scaled-e1758027872189.jpg\" data-img-on-hover=\"\"  data-src-secondary=\"\"><img decoding=\"async\" data-no-lazy=\"1\" src=\"https:\/\/www.amhhb.com\/wp-content\/uploads\/2025\/09\/IMG_6628-scaled-e1758027872189.jpg\" alt=\"Une nouvelle page dans l&rsquo;histoire de l&rsquo;AMHHB\" class=\"wpr-anim-timing-ease-default\"><\/div><div class=\"wpr-grid-media-hover wpr-animation-wrap\"><div class=\"wpr-grid-media-hover-bg  wpr-overlay-fade-in wpr-anim-size-large wpr-anim-timing-ease-default wpr-anim-transparency\" data-url=\"https:\/\/www.amhhb.com\/?p=3272\"><\/div><\/div><\/div><div class=\"wpr-grid-item-below-content elementor-clearfix\"><h2 class=\"wpr-grid-item-title elementor-repeater-item-0198fb9 wpr-grid-item-display-block wpr-grid-item-align-left wpr-pointer-none wpr-pointer-line-fx wpr-pointer-fx-fade\"><div class=\"inner-block\"><a target=\"_self\"  href=\"https:\/\/www.amhhb.com\/?p=3272\">Une nouvelle page dans l&rsquo;histoire de l&rsquo;AMHHB<\/a><\/div><\/h2><div class=\"wpr-grid-item-date elementor-repeater-item-fa3b7f1 wpr-grid-item-display-inline wpr-grid-item-align-left\"><div class=\"inner-block\"><span>16 septembre 2025<span class=\"wpr-grid-extra-text-right\"><\/span><\/span><\/div><\/div><div class=\"wpr-grid-item-excerpt elementor-repeater-item-b157f8f wpr-grid-item-display-block wpr-grid-item-align-left\"><div class=\"inner-block\"><p>Vendredi 12 Septembre dernier s\u2019est tenue l\u2019Assembl\u00e9e G\u00e9n\u00e9rale de l\u2019AMHHB \u00e0 la salle des Diesels du Houlme.<\/p><\/div><\/div><div class=\"wpr-grid-item-read-more elementor-repeater-item-47fd576 wpr-grid-item-display-block wpr-grid-item-align-left\"><div class=\"inner-block\"><a target=\"_self\" href=\"https:\/\/www.amhhb.com\/?p=3272\" class=\"wpr-button-effect wpr-button-none\"><span>En lire plus<\/span><\/a><\/div><\/div><\/div><\/div><\/article><article class=\"wpr-grid-item elementor-clearfix post-44 post type-post status-publish format-standard has-post-thumbnail hentry category-non-classe entry\"><div class=\"wpr-grid-item-inner\"><div class=\"wpr-grid-media-wrap wpr-effect-size-medium \" data-overlay-link=\"yes\"><div class=\"wpr-grid-image-wrap\" data-src=\"https:\/\/www.amhhb.com\/wp-content\/uploads\/2024\/05\/2024-06-02-Finale-U15-VS-Sotteville_V.Debels-139-scaled.jpg\" data-img-on-hover=\"\"  data-src-secondary=\"\"><img decoding=\"async\" data-no-lazy=\"1\" src=\"https:\/\/www.amhhb.com\/wp-content\/uploads\/2024\/05\/2024-06-02-Finale-U15-VS-Sotteville_V.Debels-139-scaled.jpg\" alt=\"Les U15M champions de Seine-maritime !\" class=\"wpr-anim-timing-ease-default\"><\/div><div class=\"wpr-grid-media-hover wpr-animation-wrap\"><div class=\"wpr-grid-media-hover-bg  wpr-overlay-fade-in wpr-anim-size-large wpr-anim-timing-ease-default wpr-anim-transparency\" data-url=\"https:\/\/www.amhhb.com\/?p=44\"><\/div><\/div><\/div><div class=\"wpr-grid-item-below-content elementor-clearfix\"><h2 class=\"wpr-grid-item-title elementor-repeater-item-0198fb9 wpr-grid-item-display-block wpr-grid-item-align-left wpr-pointer-none wpr-pointer-line-fx wpr-pointer-fx-fade\"><div class=\"inner-block\"><a target=\"_self\"  href=\"https:\/\/www.amhhb.com\/?p=44\">Les U15M champions de Seine-maritime !<\/a><\/div><\/h2><div class=\"wpr-grid-item-date elementor-repeater-item-fa3b7f1 wpr-grid-item-display-inline wpr-grid-item-align-left\"><div class=\"inner-block\"><span>27 mai 2024<span class=\"wpr-grid-extra-text-right\"><\/span><\/span><\/div><\/div><div class=\"wpr-grid-item-excerpt elementor-repeater-item-b157f8f wpr-grid-item-display-block wpr-grid-item-align-left\"><div class=\"inner-block\"><p>Le 2 Juin dernier l&#039;\u00e9quipe U15 masculine coach\u00e9e par Alexis ALLAIS et Philou, s&#039;est Impos\u00e9e en finale de Seine-Maritime.<\/p><\/div><\/div><div class=\"wpr-grid-item-read-more elementor-repeater-item-47fd576 wpr-grid-item-display-block wpr-grid-item-align-left\"><div class=\"inner-block\"><a target=\"_self\" href=\"https:\/\/www.amhhb.com\/?p=44\" class=\"wpr-button-effect wpr-button-none\"><span>En lire plus<\/span><\/a><\/div><\/div><\/div><\/div><\/article><article class=\"wpr-grid-item elementor-clearfix post-48 post type-post status-publish format-standard has-post-thumbnail hentry category-non-classe entry\"><div class=\"wpr-grid-item-inner\"><div class=\"wpr-grid-media-wrap wpr-effect-size-medium \" data-overlay-link=\"yes\"><div class=\"wpr-grid-image-wrap\" data-src=\"https:\/\/www.amhhb.com\/wp-content\/uploads\/2023\/10\/handfluo1.jpg\" data-img-on-hover=\"\"  data-src-secondary=\"\"><img decoding=\"async\" data-no-lazy=\"1\" src=\"https:\/\/www.amhhb.com\/wp-content\/uploads\/2023\/10\/handfluo1.jpg\" alt=\"Retour sur la soir\u00e9e Handfluo\" class=\"wpr-anim-timing-ease-default\"><\/div><div class=\"wpr-grid-media-hover wpr-animation-wrap\"><div class=\"wpr-grid-media-hover-bg  wpr-overlay-fade-in wpr-anim-size-large wpr-anim-timing-ease-default wpr-anim-transparency\" data-url=\"https:\/\/www.amhhb.com\/?p=48\"><\/div><\/div><\/div><div class=\"wpr-grid-item-below-content elementor-clearfix\"><h2 class=\"wpr-grid-item-title elementor-repeater-item-0198fb9 wpr-grid-item-display-block wpr-grid-item-align-left wpr-pointer-none wpr-pointer-line-fx wpr-pointer-fx-fade\"><div class=\"inner-block\"><a target=\"_self\"  href=\"https:\/\/www.amhhb.com\/?p=48\">Retour sur la soir\u00e9e Handfluo<\/a><\/div><\/h2><div class=\"wpr-grid-item-date elementor-repeater-item-fa3b7f1 wpr-grid-item-display-inline wpr-grid-item-align-left\"><div class=\"inner-block\"><span>20 janvier 2024<span class=\"wpr-grid-extra-text-right\"><\/span><\/span><\/div><\/div><div class=\"wpr-grid-item-excerpt elementor-repeater-item-b157f8f wpr-grid-item-display-block wpr-grid-item-align-left\"><div class=\"inner-block\"><p>Cette ann\u00e9e, nous f\u00eatons les 30 ans de l&#039;association, le club \u00e0 organis\u00e9 un tournois de Handfluo \u00e0 la salle\u2026<\/p><\/div><\/div><div class=\"wpr-grid-item-read-more elementor-repeater-item-47fd576 wpr-grid-item-display-block wpr-grid-item-align-left\"><div class=\"inner-block\"><a target=\"_self\" href=\"https:\/\/www.amhhb.com\/?p=48\" class=\"wpr-button-effect wpr-button-none\"><span>En lire plus<\/span><\/a><\/div><\/div><\/div><\/div><\/article><article class=\"wpr-grid-item elementor-clearfix post-199 post type-post status-publish format-standard has-post-thumbnail hentry category-non-classe entry\"><div class=\"wpr-grid-item-inner\"><div class=\"wpr-grid-media-wrap wpr-effect-size-medium \" data-overlay-link=\"yes\"><div class=\"wpr-grid-image-wrap\" data-src=\"https:\/\/www.amhhb.com\/wp-content\/uploads\/2023\/10\/historique.jpg\" data-img-on-hover=\"\"  data-src-secondary=\"\"><img decoding=\"async\" data-no-lazy=\"1\" src=\"https:\/\/www.amhhb.com\/wp-content\/uploads\/2023\/10\/historique.jpg\" alt=\"Historique\" class=\"wpr-anim-timing-ease-default\"><\/div><div class=\"wpr-grid-media-hover wpr-animation-wrap\"><div class=\"wpr-grid-media-hover-bg  wpr-overlay-fade-in wpr-anim-size-large wpr-anim-timing-ease-default wpr-anim-transparency\" data-url=\"https:\/\/www.amhhb.com\/?p=199\"><\/div><\/div><\/div><div class=\"wpr-grid-item-below-content elementor-clearfix\"><h2 class=\"wpr-grid-item-title elementor-repeater-item-0198fb9 wpr-grid-item-display-block wpr-grid-item-align-left wpr-pointer-none wpr-pointer-line-fx wpr-pointer-fx-fade\"><div class=\"inner-block\"><a target=\"_self\"  href=\"https:\/\/www.amhhb.com\/?p=199\">Historique<\/a><\/div><\/h2><div class=\"wpr-grid-item-date elementor-repeater-item-fa3b7f1 wpr-grid-item-display-inline wpr-grid-item-align-left\"><div class=\"inner-block\"><span>11 octobre 2023<span class=\"wpr-grid-extra-text-right\"><\/span><\/span><\/div><\/div><div class=\"wpr-grid-item-excerpt elementor-repeater-item-b157f8f wpr-grid-item-display-block wpr-grid-item-align-left\"><div class=\"inner-block\"><p>L&rsquo;histoire du club Septembre 1994 Cr\u00e9ation de l&rsquo;AMHHB Le club est n\u00e9 sur un pari des Trois Comp\u00e8res (Dominique N\u00e9el,\u2026<\/p><\/div><\/div><div class=\"wpr-grid-item-read-more elementor-repeater-item-47fd576 wpr-grid-item-display-block wpr-grid-item-align-left\"><div class=\"inner-block\"><a target=\"_self\" href=\"https:\/\/www.amhhb.com\/?p=199\" class=\"wpr-button-effect wpr-button-none\"><span>En lire plus<\/span><\/a><\/div><\/div><\/div><\/div><\/article><\/section>\t\t\t\t<\/div>\n\t\t\t\t<\/div>\n\t\t\t\t\t<\/div>\n\t\t\t\t<\/div>\n\t\t\t\t<\/div>\n\t\t","protected":false},"excerpt":{"rendered":"<p>Nos actualit\u00e9s Tous les articles Non class\u00e9 Historique 12 octobre 2023 L&#8217;histoire du club Septembre 1994 Cr\u00e9ation de l&#8217;AMHHB Le club est n\u00e9 sur un pari des Trois Comp\u00e8res (Dominique N\u00e9el,\u2026 En lire plus Plus qu&#8217;une \u00e9quipe 12 octobre 2023 Lorem ipsum dolor sit amet, consectetur adipiscing elit. Sed tincidunt viverra eros sed suscipit. Sed ac magna vitae purus ornare\u2026 En lire plus Meilleur d\u00e9fenseur de r\u00e9gionale 12 octobre 2023En lire plus Le boss enfait 12 octobre 2023En lire plus Bonjour tout le monde\u00a0! 11 octobre 2023 Bienvenue sur WordPress. Ceci est votre premier article. Modifiez-le ou supprimez-le, puis commencez \u00e0 \u00e9crire&nbsp;! En lire plus<\/p>\n","protected":false},"author":1,"featured_media":0,"parent":0,"menu_order":0,"comment_status":"closed","ping_status":"closed","template":"elementor_header_footer","meta":{"footnotes":""},"class_list":["post-103","page","type-page","status-publish","hentry","entry"],"_links":{"self":[{"href":"https:\/\/www.amhhb.com\/index.php?rest_route=\/wp\/v2\/pages\/103","targetHints":{"allow":["GET"]}}],"collection":[{"href":"https:\/\/www.amhhb.com\/index.php?rest_route=\/wp\/v2\/pages"}],"about":[{"href":"https:\/\/www.amhhb.com\/index.php?rest_route=\/wp\/v2\/types\/page"}],"author":[{"embeddable":true,"href":"https:\/\/www.amhhb.com\/index.php?rest_route=\/wp\/v2\/users\/1"}],"replies":[{"embeddable":true,"href":"https:\/\/www.amhhb.com\/index.php?rest_route=%2Fwp%2Fv2%2Fcomments&post=103"}],"version-history":[{"count":22,"href":"https:\/\/www.amhhb.com\/index.php?rest_route=\/wp\/v2\/pages\/103\/revisions"}],"predecessor-version":[{"id":1148,"href":"https:\/\/www.amhhb.com\/index.php?rest_route=\/wp\/v2\/pages\/103\/revisions\/1148"}],"wp:attachment":[{"href":"https:\/\/www.amhhb.com\/index.php?rest_route=%2Fwp%2Fv2%2Fmedia&parent=103"}],"curies":[{"name":"wp","href":"https:\/\/api.w.org\/{rel}","templated":true}]}}